n factor of 58 and 185737.
1
Calculate the greatest common factor of 12079232 and 88.
88
What is the highest common factor of 4560 and 741563920?
1520
What is the greatest common divisor of 7284056 and 104?
104
Calculate the highest common factor of 7 and 164323.
1
What is the highest common factor of 220866 and 3518?
2
Calculate the highest common factor of 1524 and 20179792.
508
Calculate the highest common factor of 579 and 1520647.
193
Calculate the highest common factor of 65579936 and 9132.
3044
What is the greatest common divisor of 12854324 and 59619?
1169
What is the greatest common factor of 30468 and 160692?
12
What is the highest common divisor of 300605 and 41890?
295
What is the highest common factor of 3379875 and 29625?
375
Calculate the highest common divisor of 2146 and 255896.
58
What is the greatest common divisor of 2416753 and 13713?
653
Calculate the greatest common factor of 3754913 and 25190.
229
Calculate the greatest common factor of 312430 and 497690.
1570
Calculate the greatest common divisor of 1353 and 1376133.
33
Calculate the highest common factor of 716 and 2102534.
358
What is the greatest common factor of 26 and 2002643513?
13
What is the greatest common divisor of 486 and 123678?
18
What is the greatest common factor of 189468 and 121089996?
9972
What is the highest common divisor of 7336926 and 91314?
1026
What is the highest common divisor of 59224 and 17615102?
1346
What is the greatest common factor of 1634908 and 915420?
3212
Calculate the highest common factor of 11511 and 2205.
9
What is the greatest common factor of 36 and 389171544?
12
What is the highest common factor of 188 and 35305?
1
Calculate the highest common divisor of 215641268 and 6276.
2092
Calculate the highest common divisor of 88 and 21791704.
88
What is the greatest common factor of 3299680 and 9280?
160
Calculate the highest common factor of 14645 and 363095.
505
What is the highest common divisor of 348 and 125067372?
348
What is the highest common divisor of 950248 and 24?
8
Calculate the greatest common factor of 24388 and 16555448.
364
What is the greatest common factor of 1068959 and 8255?
127
What is the highest common divisor of 24 and 2781525?
3
What is the greatest common divisor of 235950 and 3656015?
605
Calculate the highest common factor of 260 and 42542660.
20
What is the greatest common factor of 7280 and 463129680?
1040
What is the greatest common factor of 1419983 and 1261?
97
Calculate the greatest common factor of 1899392 and 21208.
88
What is the greatest common factor of 5591 and 31383?
1
Calculate the greatest common divisor of 130683 and 190365.
1029
Calculate the greatest common divisor of 71484 and 10750292.
644
Calculate the greatest common factor of 159390 and 1140777.
2277
What is the highest common factor of 9879 and 11243856?
111
What is the highest common divisor of 8300978 and 3483?
43
What is the highest common divisor of 6958 and 2270170?
98
Calculate the greatest common divisor of 228 and 71919636.
228
What is the highest common factor of 5050553 and 348?
29
Calculate the greatest common divisor of 2 and 11741536.
2
Calculate the highest common divisor of 320225 and 75.
25
Calculate the highest common divisor of 35188229 and 161.
23
Calculate the greatest common factor of 59766 and 128070.
8538
What is the greatest common factor of 1941146723 and 73?
73
Calculate the greatest common factor of 19671 and 532528.
83
Calculate the greatest common divisor of 122235000 and 2088.
696
What is the highest common divisor of 3549 and 2239440?
21
Calculate the greatest common factor of 104 and 110249464.
104
What is the greatest common factor of 1570 and 97170?
10
Calculate the greatest common divisor of 1022 and 5547343.
73
Calculate the greatest common divisor of 8768 and 45468656.
2192
Calculate the greatest common divisor of 55923182 and 14.
14
Calculate the greatest common factor of 14383 and 31597.
19
Calculate the highest common factor of 248259 and 144903.
33
Calculate the greatest common divisor of 192 and 14307804.
12
What is the greatest common factor of 8424813 and 27413?
347
Calculate the greatest common divisor of 10725 and 1978925.
325
Calculate the greatest common factor of 280812 and 4228.
28
Calculate the highest common factor of 83093124 and 12.
12
Calculate the highest common factor of 4545 and 314460.
45
What is the highest common factor of 2183 and 6613676?
37
Calculate the greatest common divisor of 142800 and 64685.
85
Calculate the greatest common divisor of 16776165 and 2345.
35
Calculate the greatest common divisor of 129640 and 92720.
40
Calculate the greatest common divisor of 970921 and 644959.
1393
What is the highest common divisor of 25858 and 49745251?
1847
What is the highest common divisor of 98 and 19118064?
14
What is the highest common divisor of 43308284 and 38792?
1492
What is the highest common divisor of 2088 and 1034952?
696
What is the greatest common factor of 116 and 551212?
4
Calculate the highest common divisor of 32436624 and 20240.
4048
What is the greatest common factor of 13056 and 19435776?
768
What is the highest common factor of 141821 and 1924370?
37
What is the greatest common factor of 3012 and 8658998?
502
Calculate the greatest common divisor of 100440 and 7911324.
3348
Calculate the greatest common factor of 492245160 and 15048.
5016
Calculate the greatest common factor of 83 and 1725077.
1
What is the highest common divisor of 144 and 127358208?
144
Calculate the greatest common factor of 264668896 and 72.
8
What is the greatest common divisor of 27 and 30076947?
27
What is the highest common factor of 40251146 and 338?
26
What is the highest common factor of 206910 and 21560440?
2090
What is the highest common factor of 36935025 and 135?
15
What is the greatest common factor of 128 and 2935664?
16
Calculate the highest common divisor of 87545264 and 24.
8
Calculate the highest common factor of 234389232 and 1008.
1008
What is the greatest common factor of 18 and 122990802?
6
Calculate the highest common divisor of 3543802 and 1859922.
7654
Calculate the greatest common factor of 190 and 13336390.
10
What is the highest common factor of 4438 and 1009181229?
2219
Calculate the highest common factor of 7976 and 126130470.
1994
Calculate the highest common factor of 897 and 247833027.
897
What is the highest common factor of 4485014 and 7799574?
10358
Calculate the highest common divisor of 186116 and 161000.
644
Calculate the highest common divisor of 9765 and 1385235.
1395
Calculate the highest common factor of 1026 and 2195412.
114
What is the greatest common factor of 22421126 and 182?
182
What is the highest common factor of 1530 and 1504273050?
1530
Calculate the greatest common factor of 60162 and 4662.
222
What is the greatest common factor of 435 and 24328245?
435
What is the greatest common divisor of 797 and 130977386?
797
What is the highest common factor of 798 and 526414?
266
Calculate the greatest common divisor of 3252508 and 272.
68
What is the highest common factor of 55236923 and 7?
7
What is the highest common factor of 159575019 and 2289?
327
What is the highest common factor of 68989887 and 594?
27
What is the highest common divisor of 870 and 31170?
30
What is the highest common factor of 21750 and 502454000?
7250
Calculate the highest common divisor of 18126272 and 97600.
3904
What is the greatest common divisor of 525990 and 5251?
89
Calculate the greatest common factor of 19912 and 7163152.
152
What is the greatest common factor of 4017 and 36760893?
39
What is the greatest common factor of 6570556 and 30284?
268
What is the greatest common divisor of 1318526643 and 1029?
1029
What is the greatest common factor of 99941121 and 38?
19
Calculate the greatest common factor of 2005321 and 493.
29
What is the highest common divisor of 36901975 and 12100?
3025
What is the highest common factor of 43769 and 615043?
253
Calculate the highest common divisor of 114276008 and 13398.
4466
Calculate the highest common factor of 479198 and 462037.
131
What is the greatest common divisor of 1326590 and 6254?
106
Calculate the highest common factor of 2390 and 105342596.
478
What is the highest common factor of 2386255 and 31270?
295
W